 prime factors of ((-152)/q)/((-7)/(1449/6)).
19, 23
Let t be 2*6/20*15. Suppose -6*a = -8*a + 10. Suppose a*w = t*w - 508. What are the prime factors of w?
127
Let d = -49 + 53. Suppose -r - 3*f = -d*r + 87, 3*r = -2*f + 82. Suppose 0 = -2*b + 5*g + 79, r = 3*b - 5*g - 93. What are the prime factors of b?
2, 3, 7
Suppose -3*h - 8 = -5*d - 3, -h + 4*d = 4. Suppose h = -15*c + 23*c - 7648. List the prime factors of c.
2, 239
Suppose -196*c - 386 - 202 = 0. Let p(l) = l**2 + 7*l**2 + 7*l**2. List the prime factors of p(c).
3, 5
Let l = -7 - -159. Let v = 189 + l. What are the prime factors of v?
11, 31
Suppose 28680 + 23007 = 3*d + 3*z, 0 = 5*d + 2*z - 86142. What are the prime factors of d?
2, 59, 73
Let f(l) = -l**2 - 13*l + 84. Let b be f(6). Let z(g) = -9*g - 132. List the prime factors of z(b).
2, 3, 23
Let d(v) = 1129*v**2 + 116*v + 20. List the prime factors of d(-3).
9833
Suppose -n = -3*b + 43831, -4*b - 12*n + 15*n + 58448 = 0. What are the prime factors of b?
7, 2087
Let s(i) = 12*i**2 + 29*i - 99. What are the prime factors of s(-10)?
811
Suppose 6*k - 9*k = 0. Suppose 5*i + 3*s = 11, i + s = -k + 3. List the prime factors of (18 + -4)*(5 - i).
2, 7
Let c = 12 + -10. Suppose -c*g + 36 = 2*r, r = 3*r - 3*g - 26. Suppose r*w - 5*w - 605 = 0. List the prime factors of w.
5, 11
Suppose -392301 = -41*u + 254884. List the prime factors of u.
5, 7, 11, 41
Suppose -4*y + 148040 = -0*y + 4*l, 0 = 5*y - l - 185074. List the prime factors of y.
2, 3, 31, 199
Suppose 4*p - 39*l + 43*l = 199404, -3*p + 149554 = 4*l. What are the prime factors of p?
2, 5, 997
What are the prime factors of 5/(-9) - 21867004/(-1314)?
3, 43
Suppose -4*h - 8*h + 86694 = -60870. What are the prime factors of h?
3, 4099
Let m = 25 - 4. Let f = m - 15. What are the prime factors of 846/27 - 2/f?
31
Suppose 11204143 - 3881613 = 97*s. What are the prime factors of s?
2, 5, 7549
Suppose 331*r - 54*r - 1318323 = 3263257. List the prime factors of r.
2, 5, 827
Suppose 15*h = 12*h + 3360. Suppose 0 = -4*g - 6*z + 2*z + h, 0 = -2*z + 10. What are the prime factors of g?
5, 11
Let i = -1259 - -705. Let t = -320 - i. What are the prime factors of t?
2, 3, 13
What are the prime factors of (-13360)/(-10) + 15 - -6?
23, 59
Let q be 17/(2 - (-45)/(-20)). Let m = 68 + q. Suppose m = 2*a + p - 204, -2*a - p = -a - 102. What are the prime factors of a?
2, 3, 17
Suppose -3*l = -2*x - 5*l + 51164, 3*x + l - 76734 = 0. What are the prime factors of x?
2, 23, 139
Let m be 4/12*(-192)/2 + 1. Let x = -402 - -284. Let z = m - x. What are the prime factors of z?
3, 29
Suppose -6*q - q = 112. Let l = q + -1. Let v = l - -72. List the prime factors of v.
5, 11
Let j = 1381 + -560. List the prime factors of j.
821
Let l = 275 - 274. What are the prime factors of (1 + 0)/(l/1313)?
13, 101
Suppose -3*j + 3*m + 1341 = 0, -2242 = -5*j - 42*m + 46*m. List the prime factors of j.
2, 227
Suppose -5*r + 5 = 0, l - 1997 = 4*r + 3794. What are the prime factors of l?
5, 19, 61
Suppose 25 = 6*u - u. Let k(l) = 2*l**2 - 7*l + 7. What are the prime factors of k(u)?
2, 11
Suppose -6*p = 43 + 365. Let q = p - -97. Suppose 0 = 5*z - q - 116. What are the prime factors of z?
29
Suppose -2*o = 2*m - 60894, -121794 = -42*m + 38*m - 2*o. What are the prime factors of m?
2, 3, 5, 7, 29
List the prime factors of (313 + 21208)*(4 - 2).
2, 21521
Let a = 7206 + 12446. List the prime factors of a.
2, 17
Let u be (12/10)/(42/140). Suppose -u*l + 1855 = l. What are the prime factors of l?
7, 53
Suppose -2604 = 6*u - 13*u. Suppose 0 = -7*w + 48 + u. Suppose -4*j = -j - w. What are the prime factors of j?
2, 5
Let b(p) = p**2 + 3*p - 5. Let f be b(-5). Suppose 0*d = 5*d - 15, -f*g + 2*d = -54. Suppose 0 = -g*s + 360 + 288. List the prime factors of s.
2, 3
Let i(v) = -2*v**3 - 113*v**2 + 33*v + 185. List the prime factors of i(-58).
8363
Let v(s) = -4*s + 7. Let x(w) = -w**3 + 6*w**2 + 11*w - 15. Let n be x(7). Let m be v(n). What are the prime factors of 1886/18 - 10/m?
3, 5, 7
Suppose z - h + 4*h - 100 = 0, 0 = 4*z - 4*h - 336. Suppose 8*c - 4*c - z = 0. Suppose -3*f + 35 = -c. List the prime factors of f.
19
Let c = 793 - 1973. List the prime factors of (-4 - -2) + (-2)/(8/c).
293
Suppose 0 = -2*l + 3 + 5. Suppose l*s = -s + 100. Suppose -s*f + 322 = -18*f. What are the prime factors of f?
7, 23
Suppose 30 = 2*j + 2*k, -6*j + 9*j - 2*k = 45. What are the prime factors of j/6*5/(125/3860)?
2, 193
Let i(l) = l**3 - 37*l**2 - 43*l + 192. Let s be i(38). Suppose 0 = -s*x - 4*y + 1116 + 804, -4*y = -2*x + 1952. List the prime factors of x.
2, 11
Let x be (0 - 12/8)/(3/(-4)). Suppose -5*y - 609 = 4*z, 4*z - x*y + 0*y = -574. Let f = z - -245. List the prime factors of f.
3, 11
Suppose -y + 7*j = 6*j + 399, y = -3*j - 411. Let d = y - -803. What are the prime factors of d?
401
Let i be 4/6 - 16210/15. Let b = i + 1733. What are the prime factors of b?
653
Let c(s) = 3*s**2 - 96*s + 33. Let f be c(37). List the prime factors of f + -4 + -3 + -6.
5, 23
Let v = -114 - -174. Let a = v + -62. List the prime factors of (3 + -2)*(-3 + a + 173).
2, 3, 7
Suppose -53*m = -140*m + 4477020. List the prime factors of m.
2, 5, 31, 83
Suppose 4*i + 126*i - 1464450 = 0. List the prime factors of i.
3, 5, 751
List the prime factors of 3*(-13)/(1014/(-1352962)).
17, 3061
List the prime factors of 3/5 + (-12939216)/(-1290).
7, 1433
Suppose -4*f = -12, 3*f + 22 = 4*c + 5*f. Let z be (-9)/4*24/(-9). Suppose -c*i = -230 + z. List the prime factors of i.
2, 7
Suppose 52*u + 82812 = p + 55*u, 0 = 5*p - 5*u - 413980. What are the prime factors of 10 + p/84 + 2/7?
2, 3, 83
Suppose -t + 2*o = -40599, -3*t + 104884 = -o - 16913. What are the prime factors of t?
3, 13, 347
Let n(w) = -w**3 + w**2 + w - 1. Let i be n(0). Suppose 4*d - 364 = -4*g, -2*g = 5*d - 5*g - 487. List the prime factors of i - d/(-4) - 25/(-100).
23
Suppose 1063 = 26*l - 1589. Let x = l + -64. What are the prime factors of x?
2, 19
Let v(s) = 189*s + 388. What are the prime factors of v(75)?
14563
Let w(g) = -1954*g + 1571. List the prime factors of w(-10).
3, 31, 227
Let a(p) = -p**3 - 7*p**2 + 15*p - 22. Let i be a(-9). Suppose 0 = -k - 0*k + u + 95, 4*k - i*u - 385 = 0. What are the prime factors of k?
2, 3, 5
Let m(x) = -x**3 + 19*x**2 + 14*x + 13. Let p be 1 + 70/7 + -3. What are the prime factors of m(p)?
829
Suppose -3*x = -3*b + 21285, -31*b + 26*b + x = -35471. What are the prime factors of b?
2, 3547
Let y(u) = 49*u**2 + 3*u - 4. Let m be y(2). Suppose 0 = 2*f - 4*z - m, -f + 5*z + 0*z = -108. Suppose f*h - 6 = 92*h. What are the prime factors of h?
2, 3
Let c = 15531 - 9756. List the prime factors of c.
3, 5, 7, 11
Let q = -218 + 492. Suppose 4*d + 1165 + q = w, 4*w - 5738 = -2*d. List the prime factors of w.
5, 7, 41
Let m(i) be the second derivative of -i**5/20 + 9*i**4/4 + i**3/6 + 35*i**2/2 + 3*i. List the prime factors of m(26).
11, 67
Suppose d + 1375 = 12*d. Suppose 9*c - 487 = d. What are the prime factors of c?
2, 17
Suppose 2*x - 6*x = 0. Let o(g) = -7*g + 38. Let f be o(-1). Suppose 3*u - 160 = -0*u - w, x = -u - 2*w + f. List the prime factors of u.
5, 11
Let t be 1 - -8*1/(-2). Let b(m) = -m + 9 + 0*m + 0*m - 2*m. What are the prime factors of b(t)?
2, 3
Let z(s) = 2*s - 12. Let q = 21 + -13. Let v be z(q). Suppose v*x - 33 = 83. What are the prime factors of x?
29
Let u(o) = 1001*o**2 + 791*o - 10. What are the prime factors of u(-6)?
2, 5, 17, 23
Suppose 3*o + 144 = 138. Suppose x - 5*m = -44, 3*x + 30 = 5*m - 62. List the prime factors of (x/14)/(3/(-63)) - o.
2, 19
Suppose -59*s + 477810 = -14*s. List the prime factors of s.
2, 5309
Let c = 47216 - -6423. List the prime factors of c.
53639
Suppose 20 = -6*h + 2*h - 4*t, 0 = -2*h + 5*t - 24. Let q(l) = 2*l**2 + 9*l + 38. List the prime factors of q(h).
73
Let o = 18549 + -9257. List the prime factors of o.
2, 23, 101
Let u be ((-4)/8)/((-6)/(-48)). Let d(n) = -182*n + 17. List the prime factors of d(u).
5, 149
Suppose -92257 = 233*o - 746987. What are the prime factors of o?
2, 5, 281
Let a be 6/(-39) - (-2 + (-16228)/26). Suppose 4*p = 4*b + 5024, -p - b + 1882 = a. What are the prime factors of p?
2, 157
Suppose 16 = -9*u + 61. Suppose -78 = -7*z + u*z. What are the prime factors of z?
3, 13
Suppose 7 + 